hat is the ten millions digit of 42584815?
4
What is the thousands digit of 83867813?
7
What is the hundred thousands digit of 1514728818?
7
What is the hundreds digit of 1089684888?
8
What is the ten thousands digit of 2615773318?
7
What is the tens digit of 610589359?
5
What is the units digit of 1997803445?
5
What is the hundred thousands digit of 955145729?
1
What is the units digit of 3481279833?
3
What is the ten thousands digit of 156788520?
8
What is the thousands digit of 190744695?
4
What is the hundreds digit of 345243361?
3
What is the thousands digit of 116017397?
7
What is the thousands digit of 277176163?
6
What is the units digit of 1091325918?
8
What is the millions digit of 1285009119?
5
What is the tens digit of 2139593857?
5
What is the hundred millions digit of 1383842749?
3
What is the millions digit of 666356353?
6
What is the hundreds digit of 3807979861?
8
What is the ten thousands digit of 4460840?
6
What is the millions digit of 40116415?
0
What is the thousands digit of 8650837?
0
What is the tens digit of 17409633?
3
What is the ten millions digit of 128438011?
2
What is the ten thousands digit of 98403708?
0
What is the hundreds digit of 3064084538?
5
What is the ten thousands digit of 66407847?
0
What is the ten thousands digit of 125848532?
4
What is the ten thousands digit of 331446371?
4
What is the tens digit of 18865041?
4
What is the tens digit of 795962550?
5
What is the ten thousands digit of 811922186?
2
What is the hundreds digit of 566552301?
3
What is the thousands digit of 102666320?
6
What is the ten thousands digit of 43091061?
9
What is the tens digit of 5513896?
9
What is the millions digit of 1648073377?
8
What is the units digit of 119140540?
0
What is the billions digit of 4449227634?
4
What is the millions digit of 50478434?
0
What is the ten millions digit of 89116355?
8
What is the hundreds digit of 1181812624?
6
What is the ten millions digit of 3902163029?
0
What is the hundreds digit of 892811892?
8
What is the tens digit of 254562233?
3
What is the ten millions digit of 6487044733?
8
What is the thousands digit of 56039364?
9
What is the hundred thousands digit of 1314848073?
8
What is the ten thousands digit of 202285942?
8
What is the hundreds digit of 1666884083?
0
What is the tens digit of 3001154223?
2
What is the units digit of 12855284?
4
What is the ten thousands digit of 62888565?
8
What is the tens digit of 1352232821?
2
What is the units digit of 142650940?
0
What is the units digit of 2167879810?
0
What is the hundreds digit of 549569789?
7
What is the hundreds digit of 3616894968?
9
What is the billions digit of 1355555956?
1
What is the units digit of 2662763121?
1
What is the hundreds digit of 129557478?
4
What is the ten millions digit of 43669868?
4
What is the millions digit of 23349237?
3
What is the thousands digit of 1290393940?
3
What is the ten thousands digit of 1927361?
2
What is the tens digit of 150036820?
2
What is the thousands digit of 681207856?
7
What is the ten millions digit of 2858826618?
5
What is the ten millions digit of 177893295?
7
What is the millions digit of 7385984?
7
What is the ten thousands digit of 200769499?
6
What is the millions digit of 69997847?
9
What is the tens digit of 74003818?
1
What is the hundred thousands digit of 128319781?
3
What is the hundred thousands digit of 1020193178?
1
What is the hundred millions digit of 1848335456?
8
What is the millions digit of 17716078?
7
What is the units digit of 19608920?
0
What is the ten thousands digit of 1117858289?
5
What is the millions digit of 18217042?
8
What is the ten millions digit of 5760235076?
6
What is the hundred thousands digit of 27145612?
1
What is the ten millions digit of 99841221?
9
What is the billions digit of 1800994761?
1
What is the ten millions digit of 357438982?
5
What is the units digit of 8514119?
9
What is the thousands digit of 21164478?
4
What is the hundred thousands digit of 1859480522?
4
What is the thousands digit of 51247522?
7
What is the hundreds digit of 2663305271?
2
What is the thousands digit of 247466324?
6
What is the units digit of 1204464486?
6
What is the billions digit of 8414495740?
8
What is the tens digit of 965427412?
1
What is the ten thousands digit of 46550002?
5
What is the thousands digit of 998355269?
5
What is the hundreds digit of 1739162237?
2
What is the hundred thousands digit of 2148334648?
3
What is the hundred millions digit of 613471018?
6
What is the tens digit of 10660817?
1
What is the millions digit of 440044518?
0
What is the units digit of 950761194?
4
What is the ten thousands digit of 30777749?
7
What is the tens digit of 678340821?
2
What is the millions digit of 151489041?
1
What is the hundred thousands digit of 294864129?
8
What is the hundred millions digit of 880126728?
8
What is the hundred millions digit of 119544987?
1
What is the thousands digit of 1784834?
4
What is the millions digit of 105987437?
5
What is the hundred thousands digit of 376254033?
2
What is the ten millions digit of 199792137?
9
What is the tens digit of 303981409?
0
What is the millions digit of 658568273?
8
What is the tens digit of 9293311800?
0
What is the tens digit of 284736857?
5
What is the billions digit of 1950375578?
1
What is the units digit of 1355418918?
8
What is the ten thousands digit of 98705394?
0
What is the ten millions digit of 2487735695?
8
What is the ten thousands digit of 102065385?
6
What is the thousands digit of 86479050?
9
What is the hundred millions digit of 301814650?
3
What is the hundred thousands digit of 4625396796?
3
What is the thousands digit of 219162747?
2
What is the hundreds digit of 35223478?
4
What is the millions digit of 4407156847?
7
What is the ten millions digit of 236095958?
3
What is the thousands digit of 106844886?
4
What is the tens digit of 1283892601?
0
What is the units digit of 5217013?
3
What is the millions digit of 3737233?
3
What is the units digit of 37907594?
4
What is the millions digit of 175101260?
5
What is the units digit of 62999467?
7
What is the millions digit of 69727066?
9
What is the hundreds digit of 68498708?
7
What is the thousands digit of 31254564?
4
What is the hundred thousands digit of 45053107?
0
What is the hundreds digit of 1261180161?
1
What is the ten thousands digit of 59338648?
3
What is the thousands digit of 1298876112?
6
What is the hundreds digit of 105231465?
4
What is the thousands digit of 1983664515?
4
What is the hundred thousands digit of 1100632116?
6
What is the units digit of 74071311?
1
What is the ten thousands digit of 1623847114?
4
What is the millions digit of 406949205?
6
What is the units digit of 4921675?
5
What is the units digit of 16433404?
4
What is the ten thousands digit of 333269419?
6
What is the millions digit of 1310346533?
0
What is the hundred thousands digit of 1108887157?
8
What is the units digit of 33211191?
1
What is the hundreds digit of 3356444445?
4
What is the ten millions digit of 6053553600?
5
What is the ten thousands digit of 2773535108?
3
What is the ten millions digit of 153406740?
5
What is the hundred thousands digit of 6247379698?
3
What is the ten millions digit of 487939163?
8
What is the hundred thousands digit of 1614715762?
7
What is the units digit of 97946266?
6
What is the hundreds digit of 8580744947?
9
What is the ten millions digit of 16665987?
1
What is the ten millions digit of 205325966?
0
What is the ten thousands digit of 206070347?
7
What is the ten millions digit of 748293577?
4
What is the hundreds digit of 1045897099?
0
What is the hundred millions digit of 480713719?
4
What is the hundreds digit of 115660295?
2
What is the hundreds digit of 154327080?
0
What is the units digit of 53439700?
0
What is the ten thousands digit of 79537325?
3
What is the hundreds digit of 652548059?
0
What is the hundreds digit of 425338977?
9
What is the ten millions digit of 40023814?
4
What is the billions digit of 2409195873?
2
What is the units digit of 4873518?
8
What is the hundred thousands digit of 242185920?
1
What is the thousands digit of 86602321?
2
What is the thousands digit of 14885947?
5
What is the thousands digit of 730250700?
0
What is the thousands digit of 4000821?
0